33
Convert -540024 (base 6) to base 7.
-242341
Convert -5a51 (base 14) to base 10.
-15751
Convert -144 (base 13) to base 14.
-121
Convert 57a (base 16) to base 3.
1220221
What is -1324 (base 11) in base 14?
-8ac
-6366 (base 15) to base 8
-51035
-335 (base 12) to base 11
-3a0
-100100110111 (base 2) to base 3
-10020101
What is -1a07 (base 15) in base 11?
-4260
Convert d43 (base 15) to base 4.
232230
-314 (base 8) to base 4
-3030
What is -15582 (base 16) in base 6?
-1512430
Convert -101101010011 (base 2) to base 11.
-21a6
Convert 932 (base 13) to base 7.
4361
What is 2310 (base 6) in base 10?
546
What is -3235 (base 9) in base 10?
-2381
Convert -116 (base 15) to base 12.
-186
1a89 (base 11) to base 4
221032
Convert 165636 (base 7) to base 8.
100741
Convert -600 (base 16) to base 14.
-7ba
What is -14bd (base 15) in base 2?
-1000101100101
What is -1241 (base 8) in base 5?
-10143
Convert 178 (base 12) to base 2.
11101100
What is 2 (base 9) in base 2?
10
4137 (base 10) to base 16
1029
What is 7945 (base 13) in base 11?
11816
Convert 20416 (base 9) to base 2.
11010010010101
103103 (base 7) to base 6
214452
What is -b7 (base 13) in base 10?
-150
e2 (base 15) to base 3
21212
What is 1010101011 (base 2) in base 8?
1253
Convert -401651 (base 7) to base 15.
-151bb
Convert -4360 (base 8) to base 11.
-17a0
What is -8214 (base 10) in base 11?
-6198
-210303 (base 4) to base 12
-1443
Convert 976 (base 12) to base 11.
1050
-212503 (base 7) to base 10
-36949
What is 5241 (base 7) in base 16?
732
What is -21223012 (base 4) in base 13?
-1505b
Convert 221 (base 10) to base 11.
191
Convert -210 (base 11) to base 14.
-141
What is -33340 (base 5) in base 11?
-1842
-64026 (base 9) to base 11
-29870
17a (base 12) to base 11
1a7
-3306 (base 7) to base 11
-985
Convert -23120 (base 7) to base 4.
-1130012
bb1 (base 15) to base 9
3554
What is -123316 (base 7) in base 13?
-a4b9
What is -231 (base 10) in base 11?
-1a0
What is 102000 (base 3) in base 4?
10221
Convert 232251 (base 6) to base 8.
47007
Convert -16062 (base 7) to base 4.
-1012113
Convert 2000022210 (base 3) to base 11.
27833
What is -152 (base 15) in base 11?
-255
What is 1352454 (base 6) in base 12?
3872a
Convert -30441 (base 5) to base 3.
-2201221
What is 191c (base 13) in base 11?
28a3
Convert 30392 (base 11) to base 7.
243260
Convert 105 (base 7) to base 11.
4a
Convert 94 (base 10) to base 16.
5e
What is 11001110000 (base 2) in base 5?
23043
1102214 (base 5) to base 4
10221303
-41424 (base 5) to base 6
-20403
Convert -32411 (base 10) to base 8.
-77233
9622 (base 10) to base 6
112314
Convert 2030 (base 6) to base 7.
1212
Convert 1b38 (base 14) to base 12.
2a46
Convert -23a (base 14) to base 11.
-374
-2201 (base 4) to base 7
-320
-2244 (base 5) to base 3
-110000
Convert -21 (base 12) to base 11.
-23
What is -11230302 (base 4) in base 10?
-23346
Convert -8fd (base 16) to base 2.
-100011111101
Convert -11231 (base 5) to base 8.
-1460
Convert -111110 (base 3) to base 7.
-1026
What is 12164 (base 8) in base 7?
21160
-69 (base 11) to base 7
-135
What is 7 (base 9) in base 10?
7
What is 312210 (base 5) in base 11?
7819
Convert -10424 (base 5) to base 7.
-2104
44867 (base 11) to base 15
14389
What is -b6 (base 13) in base 5?
-1044
Convert 6a (base 12) to base 8.
122
122510 (base 6) to base 13
5001
Convert 531 (base 13) to base 15.
3e0
-3656 (base 7) to base 16
-554
Convert -193 (base 10) to base 5.
-1233
What is -299 (base 11) in base 14?
-1b0
What is -8b02 (base 12) in base 13?
-7025
Convert 121100112 (base 3) to base 6.
131105
-122120100 (base 3) to base 14
-494b
-6110 (base 7) to base 15
-95e
Convert 165 (base 7) to base 10.
96
-13a3 (base 12) to base 2
-100011101011
What is 521113 (base 6) in base 14?
112cd
What is -147 (base 9) in base 11?
-103
951 (base 15) to base 11
1640
101464 (base 8) to base 9
51060
What is -210123 (base 4) in base 11?
-182a
-1431 (base 14) to base 16
-df3
Convert -14443 (base 8) to base 4.
-1210203
Convert -1031 (base 7) to base 10.
-365
What is -3004443 (base 5) in base 11?
-32760
Convert 7440 (base 9) to base 14.
1dc3
Convert -1cd (base 14) to base 15.
-1a2
What is -35 (base 7) in base 9?
-28
Convert -112430 (base 5) to base 9.
-5572
What is -101010001 (base 2) in base 13?
-1cc
11c5 (base 15) to base 14
1545
What is -5c2 (base 14) in base 3?
-1120121
Convert -1150 (base 6) to base 2.
-100011010
What is -244113 (base 7) in base 6?
-542413
-3b (base 13) to base 14
-38
214 (base 6) to base 12
6a
What is -553 (base 13) in base 9?
-1224
What is 101101011 (base 2) in base 4?
11223
Convert -1420 (base 14) to base 15.
-10c1
625 (base 7) to base 14
185
What is -21331032 (base 4) in base 7?
-226620
What is 1010001001111 (base 2) in base 10?
5199
Convert -32220 (base 4) to base 2.
-1110101000
What is -102230 (base 4) in base 11?
-998
1011111111001110 (base 2) to base 8
137716
Convert 231 (base 5) to base 11.
60
Convert 4140 (base 5) to base 12.
395
110130 (base 7) to base 4
10231032
110011000 (base 2) to base 4
12120
Convert 2245 (base 6) to base 2.
1000010101
Convert -1525 (base 6) to base 7.
-1130
Convert -7a (base 11) to base 8.
-127
Convert -3d0 (base 15) to base 16.
-366
Convert -84178 (base 9) to base 14.
-16364
20032233 (base 4) to base 14
c3dd
Convert 177 (base 15) to base 14.
1a1
What is -13725 (base 11) in base 7?
-110606
-c60b (base 13) to base 9
-41512
-20132 (base 5) to base 15
-5b2
-2120333 (base 4) to base 6
-113155
-6031 (base 7) to base 13
-c40
What is 201144 (base 5) in base 16?
1918
Convert -3699 (base 11) to base 7.
-20034
-43061 (base 7) to base 4
-2212310
What is 8a74 (base 12) in base 8?
35770
Convert -1321 (base 7) to base 8.
-771
-1628 (base 16) to base 8
-13050
10056 (base 8) to base 5
113032
688d (base 14) to base 15
55a7
28111 (base 9) to base 13
8890
Convert 1648a (base 13) to base 6.
524525
Convert -2123322 (base 4) to base 13.
-4707
What is -2102011 (base 3) in base 4?
-123133
-1155 (base 10) to base 8
-2203
-1374 (base 8) to base 12
-538
-2250 (base 10) to base 9
-3070
-112010 (base 3) to base 11
-317
What is 111112 (base 6) in base 16?
2474
Convert -10001001110 (base 2) to base 14.
-58a
What is -9d9b (base 14) in base 8?
-65365
What is 37b9 (base 14) in base 5?
303032
What is -323104 (base 7) in base 15?
-11a3a
What is -2406 (base 14) in base 11?
-4798
Convert -e1b3 (base 15) to base 10.
-47643
What is -2213300 (base 5) in base 9?
-57821
586 (base 10) to base 5
4321
What is 23427 (base 8) in base 6?
114155
Convert -1d55 (base 15) to base 8.
-14354
Convert 22c0 (base 13) to base 4.
1030120
300 (base 5) to base 11
69
Convert -54172 (base 8) to base 7.
-123015
Convert 1001110001 (base 2) to base 13.
391
142634 (base 7) to base 8
65430
8e09 (base 15) to base 6
351343
What is -11f0 (base 16) in base 2?
-1000111110000
Convert -1a580 (base 11) to base 13.
-10065
What is -12872 (base 9) in base 5?
-234412
What is -14126 (base 11) in base 9?
-30528
What is -424 (base 10) in base 8?
-650
Convert -20022 (base 8) to base 7.
-32636
Convert -24041 (base 6) to base 2.
-110110011001
What is -200112002 (base 3) in base 10?
-13502
-1710 (base 8) to base 3
-1022212
What is 2b11 (base 15) in base 14?
3521
2237 (base 9) to base 3
2021021
What is -1751 (base 9) in base 13?
-7c3
Convert 255410 (base 6) to base 8.
55336
-943 (base 10) to base 14
-4b5
What is 3333 (base 7) in base 5?
14300
What is -405 (base 15) in base 16?
-389
Convert -156334 (base 7) to base 5.
-1443132
Convert -6104 (base 8) to base 3.
-11022022
What is 18777 (base 10) in base 15?
586c
What is 4 (base 16) in base 15?
4
1010001011000 (base 2) to base 15
1823
What is -57696 (base 10) in base 13?
-20352
-5117 (base 10) to base 14
-1c17
Convert -652 (base 9) to base 13.
-320
What is -20098 (base 10) in base 16?
-4e82
-1893 (base 11) to base 15
-aa1
What is 131221 (base 6) in base 16?
2ebd
What is 17700 (base 9) in base 2?
10111111000111
6bcc (base 14) to base 3
221210022
-b (base 13) to base 2
-1011
-13882 (base 9) to base 8
-22376
Convert -315455 (base 7) to base 9.
-83118
What is -3a47 (base 11) in base 14?
-1cb4
-2bd (base 14) to base 8
-1057
3362 (base 16) to base 3
200001012
Convert 2 (base 9) to base 12.
2
Convert -1271 (base 16) to base 13.
-21c2
What is a080 (base 14) in base 8?
65640
What is 426 (base 12) in base